 - 301189. What is the hundreds digit of g?
9
Suppose 15*t - 19*t + 604 = 0. Let v = t - 91. Let j = v + 111. What is the tens digit of j?
7
Let w(s) = s**3 + 8*s**2 - 33*s + 43. Let n be w(-11). Suppose 8173 = -n*r + 54*r. What is the tens digit of r?
4
Suppose -25*q - 29*q = -270. Suppose 0 = -q*b + 67*b - 13144. What is the tens digit of b?
1
Let t = -3316 - -3761. What is the hundreds digit of t?
4
Let b(q) = q**2 + 17*q - 11 + q**2 + 28. Let l be (-5)/2 - 38/4. What is the tens digit of b(l)?
0
Let r(p) be the first derivative of 5*p**4/2 - p**3/3 + 5*p**2/2 - 5*p + 1. Let m(o) = -10*o - 18. Let b be m(-2). What is the units digit of r(b)?
1
What is the thousands digit of (3 + (-57)/9)*17/(765/(-54702))?
4
Let w(r) = -6*r**2 - 12*r + 6*r**2 - 6*r**2 - 3 - r**3. Let y be w(-8). Suppose 0 = 9*x - 355 - y. What is the units digit of x?
4
Suppose -163229 = -871*n + 852*n. What is the units digit of n?
1
Suppose -436424 = -28*z - 73292. What is the units digit of z?
9
Suppose -4*p = -2*p - 3*j - 361, -5*j = -4*p + 727. Suppose -4*i - 332 = -0*o - 3*o, -p = -2*o - 4*i. What is the tens digit of o?
0
Let i(m) = 338*m + 9. Let g be i(2). Let j = g + -277. What is the tens digit of j?
0
Let i = -525 + 3065. Suppose -b + 11*b - i = 0. What is the hundreds digit of b?
2
What is the thousands digit of 4/(12047662/463369 + -26)?
7
Let f = -2865 - -1667. Let s = f + 1725. What is the tens digit of s?
2
Let p(v) = -14516*v + 20. Let r be p(-1). Suppose 31*q - r = 8*q. What is the tens digit of q?
3
Let s(f) = -3*f**3 - 23*f**2 + 5*f + 41. What is the hundreds digit of s(-12)?
8
Let x = 46 + -82. Let m = 79 + x. Suppose 0 = -0*c - c + m. What is the units digit of c?
3
Let o(x) = 23*x + 154. Let d be o(-6). What is the tens digit of (4/(-4))/(-1)*d?
1
Let l = 18819 + -13381. What is the tens digit of l?
3
Let y(z) = -433*z**3 + 10*z**2 + 21*z + 3. What is the thousands digit of y(-3)?
1
Let m(w) = w**3 + 59*w**2 - 19*w - 39. What is the tens digit of m(19)?
5
Let h be (-12)/8*17536/(-6) - 5. Suppose -15*q + 3211 = -h. What is the units digit of q?
6
Let z(n) = 160*n**2 - 97*n - 28. Let k be z(-10). Suppose -k = -27*a + 21560. What is the units digit of a?
6
Let x = -72 + 72. Suppose x = -0*y + 2*y - 4. Suppose 7*s = y*s + 790. What is the tens digit of s?
5
Let n = 1859 - -1539. What is the hundreds digit of n?
3
Suppose 7*j = -49 + 336. Suppose 0 = j*s - 39*s - 8. Suppose -s*p + 66 = -186. What is the tens digit of p?
6
Let j(p) = 60*p - 34. Let g(r) = r + 3. Let v(k) = -3*g(k) + j(k). What is the units digit of v(9)?
0
Let i(v) = v**2 - 18*v + 12. Let m be i(17). Let r be (m - 0) + -16 + 15. What is the tens digit of (-40)/(-15)*(-63)/r?
2
Let c = -6376 + 10657. What is the tens digit of c?
8
Suppose -2*t = 3*i - 3352 - 6398, 0 = -6*i + 2*t + 19518. What is the thousands digit of i?
3
Suppose -2*l + 136 = 6*l. Let a(s) = -2*s + 33. Let o be a(l). What is the units digit of 2*o*(-18 + 14)?
8
Let d(o) = -84*o - 27. Let m = 236 - 242. What is the tens digit of d(m)?
7
Let r = 7511 - -7243. What is the ten thousands digit of r?
1
Suppose 11*c = 11032 + 25620. What is the tens digit of c?
3
Let j(m) = 1520*m - 3508. What is the thousands digit of j(12)?
4
Let i be (4/8)/((-2)/(-8)). Let z be i/1 + (7 - 4). Suppose -76 = -5*x + 4*y, 3*x + 0*x - z*y - 43 = 0. What is the units digit of x?
6
Let j(g) = -40*g**3 - 5*g**2 - 9*g + 13. What is the thousands digit of j(-4)?
2
Let v = 352 - 349. What is the units digit of (-12)/v*84/(-16)?
1
Let k(d) be the second derivative of -d**4/12 - 7*d**3/3 + 15*d**2 - 42*d. Let t be k(-16). What is the units digit of (10 + 225)*(-2)/(4/t)?
5
Let v(p) = 2. Let h(i) = 97*i - 8. Let n(q) = -2*h(q) - 6*v(q). What is the hundreds digit of n(-2)?
3
Let y be (414 + 3 - -3)/((-10)/10). Let n = y - -764. What is the units digit of n?
4
Suppose 60 = 3*b - 3*a, -b + 0*a + 3*a + 22 = 0. Suppose -t - 3*j + 22 = -b, 5*t - 253 = -3*j. What is the units digit of t?
3
Let b = 1862 - -64229. Suppose 9*u - 62*u + b = 0. What is the tens digit of u?
4
Let g(t) = t**2 - 8*t + 7. Let m be g(8). Suppose -7*w + 3976 = m*w. What is the units digit of w?
4
Suppose -367*j + 444*j - 1735811 = 0. What is the tens digit of j?
4
Let b be -3*(20/(-5) - -3). Suppose -12 = -2*p - b*z, -3*z - 8 = -3*p - 5*z. Suppose p = 3*i - 0*i - 24. What is the units digit of i?
8
Let v = 2832 + -683. What is the units digit of v?
9
Let a be (-8)/(-6)*(-21864)/(-16). Suppose 12*z - 14*z = -a. Suppose 0 = 12*b + z - 3071. What is the hundreds digit of b?
1
Let w = 172 + -566. Let a = 343 - w. What is the units digit of a?
7
Let i = -220 - -336. Let h = i + -38. What is the units digit of h?
8
Let b = 317 - 165. What is the hundreds digit of b/(-60)*147*(-5)/2?
9
Suppose -3*z + 4184 = 5*m - 3291, 5*m + 4950 = 2*z. Suppose 3*o - y - z + 391 = 0, 3*o + 3*y = 2094. What is the units digit of o?
8
Let h be 2/(12/23) - 3/(-18). Suppose 4*j - 4*c = 32, h*j - 3*c = -2*c + 17. Suppose j*z - 281 - 30 = -2*q, -101 = -z + 2*q. What is the tens digit of z?
0
Suppose v - 15*d = -11*d + 4913, 2*d + 19582 = 4*v. What is the hundreds digit of 4 - (v/(-14) + (-2)/4)?
3
Let w(y) = 4*y**2 + 2*y**2 + 9*y + 43 + 2*y. Let d(s) = 4*s**2 + 7*s + 29. Let q(f) = 8*d(f) - 5*w(f). What is the units digit of q(-7)?
8
Suppose 3*u = 12278 - 4379. What is the thousands digit of u?
2
Suppose 3*d - 4*g = -16, -5*d - 9 = -3*g + 3. Suppose d*o + 388 = o. Let y = o - 261. What is the units digit of y?
7
What is the units digit of (-13)/(117/(-42114))*(45/10)/3?
9
Let j = -3114 - -12000. Suppose 0 = 17*f - 2759 - j. What is the tens digit of f?
8
Let o(j) = 32*j**3 + 12*j**2 - 36*j + 1. Let d be o(4). Let c = d - 1195. What is the hundreds digit of c?
9
Let x(u) = 195*u + 20. Let l(f) = -f**3 + 11*f**2 - 27*f - 2. Let j be l(7). What is the hundreds digit of x(j)?
9
Let n(p) be the third derivative of 17*p**4/24 - 26*p**3/3 + 48*p**2. What is the units digit of n(6)?
0
Suppose 0 = 5*i + 4*u - 86102, 5*i + 12*u - 7*u = 86100. What is the hundreds digit of i?
2
Suppose -3*l - 3*c - c - 29 = 0, 0 = 5*l - 3*c + 29. Let u be (-573)/(-4) - l/(-28). Let y = -84 + u. What is the tens digit of y?
5
Let p = -39637 - -56269. What is the units digit of p?
2
Let f(y) = -6*y - 30. Let x be f(-7). Let n be (0 - (-510)/9)*x. Suppose 0 = 4*k - m - n, -m - 167 = -k - 0*m. What is the tens digit of k?
7
What is the units digit of (35 + 1)*(924/18)/7*104?
6
What is the thousands digit of ((-453)/(-1)*(-23 + 38))/((-12)/(-32))?
8
Suppose -5754934 = 182*k - 571*k + 2435072. What is the thousands digit of k?
1
Let w(j) = -j**3 - 7*j**2 - 10*j + 6. Let p(o) = o**3 + 22*o**2 - 5. Let x be p(-22). Let z be w(x). Suppose -z*h + 726 = -0*h. What is the units digit of h?
1
Let b = -1985 + 11334. What is the hundreds digit of b?
3
Let m = -27933 - -53292. What is the hundreds digit of m?
3
Let r = -312 - -315. Suppose s + r*z - 149 = -z, 288 = 2*s - 2*z. What is the tens digit of s?
4
Let o = -2290 + 3306. What is the tens digit of o?
1
Let l = -15205 + 25145. What is the hundreds digit of l?
9
Suppose 5*v - 790*a + 795*a - 3585 = 0, a = 0. What is the units digit of v?
7
Let z = -11736 - -15693. What is the thousands digit of z?
3
Let o(u) = u**2 + 3*u + 9. Let w be o(0). Let n(a) = -13 - w*a - 9*a + 5*a**2 + 25*a. What is the tens digit of n(-6)?
2
Suppose 53*t + 87*t + 63*t = 3864714. What is the tens digit of t?
3
What is the thousands digit of 1725370/329 - (-2)/(-7)?
5
Suppose 2*m - m - 16 = 4*d, 3 = -3*m - 5*d. Suppose -8 = -a + x - 3, 2*x = m. Suppose a*q + 10 = 2*q, 2*v - 2*q - 166 = 0. What is the tens digit of v?
8
Let s(x) = -3*x - 22. Let u be s(-8). Suppose -f - 9 = -u*f. Suppose f*t - 615 = 681. What is the units digit of t?
4
Let v be ((-192)/15)/((-1)/55*-2). Let s = -221 - v. Suppose -b + s - 49 = 0. What is the units digit of b?
2
Let a = 40333 + -21163. What is the tens digit of a?
7
Suppose -5*t + 3*f + 23 = 0, -2*t + 2*f + 6 + 4 = 0. Suppose t*k + 89 = -339. Let x = -58 - k. What is the units digit of x?
9
Let j(v) = 5*v**3 + 2*v**2 + 41*v - 636. What is the ten thousands digit of j(14)?
1
Let u = -129 - -134. Suppose -u*n + 437 = 3*j, -5*j + 405 + 334 = 3*n. What is the hundreds digit of j?
1
Let q(u) = 16*u + 78.